{"id":32615,"date":"2021-10-15T09:19:41","date_gmt":"2021-10-15T07:19:41","guid":{"rendered":"https:\/\/www.guetersloh-marketing.de\/?post_type=projects&#038;p=32615"},"modified":"2026-03-04T10:39:38","modified_gmt":"2026-03-04T09:39:38","slug":"nachtsanggelaeut","status":"publish","type":"projects","link":"https:\/\/www.guetersloh-marketing.de\/en\/blog\/projects\/nachtsanggelaeut\/","title":{"rendered":"G\u00fctersloh and its night song bells"},"content":{"rendered":"<div data-elementor-type=\"wp-post\" data-elementor-id=\"32615\" class=\"elementor elementor-32615\" data-elementor-post-type=\"projects\">\n\t\t\t\t\t\t<section class=\"elementor-section elementor-top-section elementor-element elementor-element-007cc6f elementor-section-boxed elementor-section-height-default elementor-section-height-default\" data-id=\"007cc6f\" data-element_type=\"section\">\n\t\t\t\t\t\t<div class=\"elementor-container elementor-column-gap-default\">\n\t\t\t\t\t<div class=\"elementor-column elementor-col-100 elementor-top-column elementor-element elementor-element-1ba4c98\" data-id=\"1ba4c98\" data-element_type=\"column\">\n\t\t\t<div class=\"elementor-widget-wrap elementor-element-populated\">\n\t\t\t\t\t\t<div class=\"elementor-element elementor-element-315162c elementor-position-left elementor-view-default elementor-mobile-position-top elementor-vertical-align-top elementor-widget elementor-widget-icon-box\" data-id=\"315162c\" data-element_type=\"widget\" data-widget_type=\"icon-box.default\">\n\t\t\t\t<div class=\"elementor-widget-container\">\n\t\t\t<span id=\"315162c\"><\/span>\t\t<div class=\"elementor-icon-box-wrapper\">\n\n\t\t\t\t\t\t<div class=\"elementor-icon-box-icon\">\n\t\t\t\t<a href=\"https:\/\/www.guetersloh-marketing.de\/en\/guetersloh\/stadtfuehrungen\/#termine\" class=\"elementor-icon elementor-animation-\" tabindex=\"-1\">\n\t\t\t\t<i aria-hidden=\"true\" class=\"far fa-calendar-alt\"><\/i>\t\t\t\t<\/a>\n\t\t\t<\/div>\n\t\t\t\n\t\t\t\t\t\t<div class=\"elementor-icon-box-content\">\n\n\t\t\t\t\t\t\t\t\t<h3 class=\"elementor-icon-box-title\">\n\t\t\t\t\t\t<a href=\"https:\/\/www.guetersloh-marketing.de\/en\/guetersloh\/stadtfuehrungen\/#termine\" >\n\t\t\t\t\t\t\tClick here for the next public dates!\t\t\t\t\t\t<\/a>\n\t\t\t\t\t<\/h3>\n\t\t\t\t\n\t\t\t\t\n\t\t\t<\/div>\n\t\t\t\n\t\t<\/div>\n\t\t\t\t<\/div>\n\t\t\t\t<\/div>\n\t\t\t\t\t<\/div>\n\t\t<\/div>\n\t\t\t\t\t<\/div>\n\t\t<\/section>\n\t\t\t\t<section class=\"elementor-section elementor-top-section elementor-element elementor-element-3c278e9 elementor-section-boxed elementor-section-height-default elementor-section-height-default\" data-id=\"3c278e9\" data-element_type=\"section\">\n\t\t\t\t\t\t<div class=\"elementor-container elementor-column-gap-default\">\n\t\t\t\t\t<div class=\"elementor-column elementor-col-100 elementor-top-column elementor-element elementor-element-b6cb395\" data-id=\"b6cb395\" data-element_type=\"column\">\n\t\t\t<div class=\"elementor-widget-wrap elementor-element-populated\">\n\t\t\t\t\t\t<div class=\"elementor-element elementor-element-3fe01a3 elementor-icon-list--layout-traditional elementor-list-item-link-full_width elementor-widget elementor-widget-icon-list\" data-id=\"3fe01a3\" data-element_type=\"widget\" data-widget_type=\"icon-list.default\">\n\t\t\t\t<div class=\"elementor-widget-container\">\n\t\t\t<span id=\"3fe01a3\"><\/span>\t\t<ul class=\"elementor-icon-list-items\">\n\t\t\t\t\t\t\t<li class=\"elementor-icon-list-item\">\n\t\t\t\t\t\t\t\t\t\t\t<span class=\"elementor-icon-list-icon\">\n\t\t\t\t\t\t\t<i aria-hidden=\"true\" class=\"fas fa-walking\"><\/i>\t\t\t\t\t\t<\/span>\n\t\t\t\t\t\t\t\t\t\t<span class=\"elementor-icon-list-text\">Duration: 2 hours<\/span>\n\t\t\t\t\t\t\t\t\t<\/li>\n\t\t\t\t\t\t\t\t<li class=\"elementor-icon-list-item\">\n\t\t\t\t\t\t\t\t\t\t\t<span class=\"elementor-icon-list-icon\">\n\t\t\t\t\t\t\t<i aria-hidden=\"true\" class=\"fas fa-walking\"><\/i>\t\t\t\t\t\t<\/span>\n\t\t\t\t\t\t\t\t\t\t<span class=\"elementor-icon-list-text\">Dates: Reformation Day to Candlemas<\/span>\n\t\t\t\t\t\t\t\t\t<\/li>\n\t\t\t\t\t\t\t\t<li class=\"elementor-icon-list-item\">\n\t\t\t\t\t\t\t\t\t\t\t<span class=\"elementor-icon-list-icon\">\n\t\t\t\t\t\t\t<i aria-hidden=\"true\" class=\"fas fa-walking\"><\/i>\t\t\t\t\t\t<\/span>\n\t\t\t\t\t\t\t\t\t\t<span class=\"elementor-icon-list-text\">Meeting point: Caf\u00e9 Fritzenk\u00f6tter<\/span>\n\t\t\t\t\t\t\t\t\t<\/li>\n\t\t\t\t\t\t\t\t<li class=\"elementor-icon-list-item\">\n\t\t\t\t\t\t\t\t\t\t\t<span class=\"elementor-icon-list-icon\">\n\t\t\t\t\t\t\t<i aria-hidden=\"true\" class=\"fas fa-walking\"><\/i>\t\t\t\t\t\t<\/span>\n\t\t\t\t\t\t\t\t\t\t<span class=\"elementor-icon-list-text\">Preis: 8 EUR pro Person \/ Erm\u00e4\u00dfigt 6 EUR<\/span>\n\t\t\t\t\t\t\t\t\t<\/li>\n\t\t\t\t\t\t\t\t<li class=\"elementor-icon-list-item\">\n\t\t\t\t\t\t\t\t\t\t\t<a href=\"https:\/\/www.reservix.de\/veranstaltungskalender?q=stadtf%C3%BChrungen+g%C3%BCtersloh&#038;sort=date\" target=\"_blank\">\n\n\t\t\t\t\t\t\t\t\t\t\t\t<span class=\"elementor-icon-list-icon\">\n\t\t\t\t\t\t\t<i aria-hidden=\"true\" class=\"fas fa-walking\"><\/i>\t\t\t\t\t\t<\/span>\n\t\t\t\t\t\t\t\t\t\t<span class=\"elementor-icon-list-text\">Tickets online at www.reservix.de or at the Tourist Information!!!<\/span>\n\t\t\t\t\t\t\t\t\t\t\t<\/a>\n\t\t\t\t\t\t\t\t\t<\/li>\n\t\t\t\t\t\t<\/ul>\n\t\t\t\t<\/div>\n\t\t\t\t<\/div>\n\t\t\t\t\t<\/div>\n\t\t<\/div>\n\t\t\t\t\t<\/div>\n\t\t<\/section>\n\t\t\t\t<section class=\"elementor-section elementor-top-section elementor-element elementor-element-0918c46 elementor-section-boxed elementor-section-height-default elementor-section-height-default\" data-id=\"0918c46\" data-element_type=\"section\">\n\t\t\t\t\t\t<div class=\"elementor-container elementor-column-gap-default\">\n\t\t\t\t\t<div class=\"elementor-column elementor-col-100 elementor-top-column elementor-element elementor-element-67793d2\" data-id=\"67793d2\" data-element_type=\"column\">\n\t\t\t<div class=\"elementor-widget-wrap elementor-element-populated\">\n\t\t\t\t\t\t<div class=\"elementor-element elementor-element-7691f5a elementor-widget elementor-widget-text-editor\" data-id=\"7691f5a\" data-element_type=\"widget\" data-widget_type=\"text-editor.default\">\n\t\t\t\t<div class=\"elementor-widget-container\">\n\t\t\t<span id=\"7691f5a\"><\/span>\t\t\t\t<p>During the winter months, G\u00fctersloh has been ringing out a special sound for over 200 years: the night chime of G\u00fctersloh. From Reformation Day at the end of October until Candlemas at the beginning of February, the night chimes ring out every Saturday evening from the bell tower of the Martin Luther Church. Today, this traditional way of making music with church bells is only practiced in G\u00fctersloh.<\/p>\n<p>City guide Brunhilde Kohls will lead you on this romantic evening walk through the alleys of the city to the sounds of the night bell ringing. Learn everything about the origin of the bell ringing and this unique, still preserved tradition during this special city tour.<\/p>\n<p>\u00a0<\/p>\n<p>The tour starts in front of Caf\u00e9 Fritzenk\u00f6tter. From there, it takes about two hours to walk through downtown G\u00fctersloh, past the city museum, the registry office, the old church square and, of course, the Martin Luther Church. The tour ends at the Old District Court on Berliner Platz.<\/p>\t\t\t\t\t\t<\/div>\n\t\t\t\t<\/div>\n\t\t\t\t<div class=\"elementor-element elementor-element-5dd7a35 elementor-widget elementor-widget-text-editor\" data-id=\"5dd7a35\" data-element_type=\"widget\" data-widget_type=\"text-editor.default\">\n\t\t\t\t<div class=\"elementor-widget-container\">\n\t\t\t<span id=\"5dd7a35\"><\/span>\t\t\t\t<p><br><\/p>\n<p>You can find more information about the G\u00fctersloh Night Song Bells <a href=\"http:\/\/www.nachtsanggelaeut.de\/\" target=\"_blank\" rel=\"noopener\">viewed here<\/a>.<\/p>\t\t\t\t\t\t<\/div>\n\t\t\t\t<\/div>\n\t\t\t\t\t<\/div>\n\t\t<\/div>\n\t\t\t\t\t<\/div>\n\t\t<\/section>\n\t\t\t\t<section class=\"elementor-section elementor-top-section elementor-element elementor-element-04c3501 elementor-section-boxed elementor-section-height-default elementor-section-height-default\" data-id=\"04c3501\" data-element_type=\"section\">\n\t\t\t\t\t\t<div class=\"elementor-container elementor-column-gap-default\">\n\t\t\t\t\t<div class=\"elementor-column elementor-col-100 elementor-top-column elementor-element elementor-element-976e991\" data-id=\"976e991\" data-element_type=\"column\">\n\t\t\t<div class=\"elementor-widget-wrap elementor-element-populated\">\n\t\t\t\t\t\t<div class=\"elementor-element elementor-element-8bae626 elementor-widget elementor-widget-image\" data-id=\"8bae626\" data-element_type=\"widget\" data-widget_type=\"image.default\">\n\t\t\t\t<div class=\"elementor-widget-container\">\n\t\t\t<span id=\"8bae626\"><\/span>\t\t\t\t\t\t\t\t\t\t<img fetchpriority=\"high\" decoding=\"async\" width=\"800\" height=\"534\" src=\"https:\/\/www.guetersloh-marketing.de\/wp-content\/uploads\/2021\/10\/guetersloh-und-sein-nachtsanggelaeut-impressionen-17122022-retouchiert--lena-descher-9713-1024x683.jpg\" class=\"attachment-large size-large wp-image-54149\" alt=\"Der Berliner Platz und die Martin Luther Kirche bei D\u00e4mmerung, auf dem Platz sind Weihnachtsmarktbuden und weihnachtliche Dekoration zu sehen. Rechts im Bild ein mit Lichterketten geschm\u00fcckter Baum.\" srcset=\"https:\/\/www.guetersloh-marketing.de\/wp-content\/uploads\/2021\/10\/guetersloh-und-sein-nachtsanggelaeut-impressionen-17122022-retouchiert--lena-descher-9713-1024x683.jpg 1024w, https:\/\/www.guetersloh-marketing.de\/wp-content\/uploads\/2021\/10\/guetersloh-und-sein-nachtsanggelaeut-impressionen-17122022-retouchiert--lena-descher-9713-300x200.jpg 300w, https:\/\/www.guetersloh-marketing.de\/wp-content\/uploads\/2021\/10\/guetersloh-und-sein-nachtsanggelaeut-impressionen-17122022-retouchiert--lena-descher-9713-768x512.jpg 768w, https:\/\/www.guetersloh-marketing.de\/wp-content\/uploads\/2021\/10\/guetersloh-und-sein-nachtsanggelaeut-impressionen-17122022-retouchiert--lena-descher-9713-18x12.jpg 18w, https:\/\/www.guetersloh-marketing.de\/wp-content\/uploads\/2021\/10\/guetersloh-und-sein-nachtsanggelaeut-impressionen-17122022-retouchiert--lena-descher-9713-560x373.jpg 560w, https:\/\/www.guetersloh-marketing.de\/wp-content\/uploads\/2021\/10\/guetersloh-und-sein-nachtsanggelaeut-impressionen-17122022-retouchiert--lena-descher-9713.jpg 1500w\" sizes=\"(max-width: 800px) 100vw, 800px\" \/>\t\t\t\t\t\t\t\t\t\t\t\t\t<\/div>\n\t\t\t\t<\/div>\n\t\t\t\t\t<\/div>\n\t\t<\/div>\n\t\t\t\t\t<\/div>\n\t\t<\/section>\n\t\t\t\t<section class=\"elementor-section elementor-top-section elementor-element elementor-element-0905717 elementor-section-boxed elementor-section-height-default elementor-section-height-default\" data-id=\"0905717\" data-element_type=\"section\">\n\t\t\t\t\t\t<div class=\"elementor-container elementor-column-gap-default\">\n\t\t\t\t\t<div class=\"elementor-column elementor-col-100 elementor-top-column elementor-element elementor-element-f2e2633\" data-id=\"f2e2633\" data-element_type=\"column\">\n\t\t\t<div class=\"elementor-widget-wrap elementor-element-populated\">\n\t\t\t\t\t\t<div class=\"elementor-element elementor-element-2989a84 elementor-icon-list--layout-inline elementor-align-center elementor-list-item-link-full_width elementor-widget elementor-widget-icon-list\" data-id=\"2989a84\" data-element_type=\"widget\" data-widget_type=\"icon-list.default\">\n\t\t\t\t<div class=\"elementor-widget-container\">\n\t\t\t<span id=\"2989a84\"><\/span>\t\t<ul class=\"elementor-icon-list-items elementor-inline-items\">\n\t\t\t\t\t\t\t<li class=\"elementor-icon-list-item elementor-inline-item\">\n\t\t\t\t\t\t\t\t\t\t\t<span class=\"elementor-icon-list-icon\">\n\t\t\t\t\t\t\t<i aria-hidden=\"true\" class=\"far fa-copyright\"><\/i>\t\t\t\t\t\t<\/span>\n\t\t\t\t\t\t\t\t\t\t<span class=\"elementor-icon-list-text\">Cover picture \/ Featured image Lena Descher<\/span>\n\t\t\t\t\t\t\t\t\t<\/li>\n\t\t\t\t\t\t<\/ul>\n\t\t\t\t<\/div>\n\t\t\t\t<\/div>\n\t\t\t\t\t<\/div>\n\t\t<\/div>\n\t\t\t\t\t<\/div>\n\t\t<\/section>\n\t\t\t\t<\/div>","protected":false},"excerpt":{"rendered":"<p>Hier geht&#8217;s zu den n\u00e4chsten \u00f6ffentlichen Terminen! Dauer: 2 Stunden Termine: Reformationstag bis Mari\u00e4 Lichtmess [&hellip;]<\/p>\n","protected":false},"featured_media":54149,"comment_status":"closed","ping_status":"closed","template":"","meta":{"_acf_changed":false},"categories":[531],"tags":[646,525,645],"competences":[401],"class_list":["post-32615","projects","type-projects","status-publish","has-post-thumbnail","hentry","category-stadtrundgaenge","tag-nachtsanggelaeut","tag-stadtfuehrung","tag-stadtrundgang","competences-kulturwelten"],"acf":[],"_links":{"self":[{"href":"https:\/\/www.guetersloh-marketing.de\/en\/wp-json\/wp\/v2\/projects\/32615","targetHints":{"allow":["GET"]}}],"collection":[{"href":"https:\/\/www.guetersloh-marketing.de\/en\/wp-json\/wp\/v2\/projects"}],"about":[{"href":"https:\/\/www.guetersloh-marketing.de\/en\/wp-json\/wp\/v2\/types\/projects"}],"replies":[{"embeddable":true,"href":"https:\/\/www.guetersloh-marketing.de\/en\/wp-json\/wp\/v2\/comments?post=32615"}],"version-history":[{"count":28,"href":"https:\/\/www.guetersloh-marketing.de\/en\/wp-json\/wp\/v2\/projects\/32615\/revisions"}],"predecessor-version":[{"id":54153,"href":"https:\/\/www.guetersloh-marketing.de\/en\/wp-json\/wp\/v2\/projects\/32615\/revisions\/54153"}],"wp:featuredmedia":[{"embeddable":true,"href":"https:\/\/www.guetersloh-marketing.de\/en\/wp-json\/wp\/v2\/media\/54149"}],"wp:attachment":[{"href":"https:\/\/www.guetersloh-marketing.de\/en\/wp-json\/wp\/v2\/media?parent=32615"}],"wp:term":[{"taxonomy":"category","embeddable":true,"href":"https:\/\/www.guetersloh-marketing.de\/en\/wp-json\/wp\/v2\/categories?post=32615"},{"taxonomy":"post_tag","embeddable":true,"href":"https:\/\/www.guetersloh-marketing.de\/en\/wp-json\/wp\/v2\/tags?post=32615"},{"taxonomy":"competences","embeddable":true,"href":"https:\/\/www.guetersloh-marketing.de\/en\/wp-json\/wp\/v2\/competences?post=32615"}],"curies":[{"name":"wp","href":"https:\/\/api.w.org\/{rel}","templated":true}]}}

Gütersloh and its night song bells

<div data-elementor-type="wp-post" data-elementor-id="32615" class="elementor elementor-32615" data-elementor-post-type="projects">
						<section class="elementor-section elementor-top-section elementor-element elementor-element-007cc6f elementor-section-boxed elementor-section-height-default elementor-section-height-default" data-id="007cc6f" data-element_type="section">
						<div class="elementor-container elementor-column-gap-default">
					<div class="elementor-column elementor-col-100 elementor-top-column elementor-element elementor-element-1ba4c98" data-id="1ba4c98" data-element_type="column">
			<div class="elementor-widget-wrap elementor-element-populated">
						<div class="elementor-element elementor-element-315162c elementor-position-left elementor-view-default elementor-mobile-position-top elementor-vertical-align-top elementor-widget elementor-widget-icon-box" data-id="315162c" data-element_type="widget" data-widget_type="icon-box.default">
				<div class="elementor-widget-container">
			<span id="315162c"></span>		<div class="elementor-icon-box-wrapper">

						<div class="elementor-icon-box-icon">
				<a href="https://www.guetersloh-marketing.de/en/guetersloh/stadtfuehrungen/#termine" class="elementor-icon elementor-animation-" tabindex="-1">
				<i aria-hidden="true" class="far fa-calendar-alt"></i>				</a>
			</div>
			
						<div class="elementor-icon-box-content">

									<h3 class="elementor-icon-box-title">
						<a href="https://www.guetersloh-marketing.de/en/guetersloh/stadtfuehrungen/#termine" >
							Click here for the next public dates!						</a>
					</h3>
				
				
			</div>
			
		</div>
				</div>
				</div>
					</div>
		</div>
					</div>
		</section>
				<section class="elementor-section elementor-top-section elementor-element elementor-element-3c278e9 elementor-section-boxed elementor-section-height-default elementor-section-height-default" data-id="3c278e9" data-element_type="section">
						<div class="elementor-container elementor-column-gap-default">
					<div class="elementor-column elementor-col-100 elementor-top-column elementor-element elementor-element-b6cb395" data-id="b6cb395" data-element_type="column">
			<div class="elementor-widget-wrap elementor-element-populated">
						<div class="elementor-element elementor-element-3fe01a3 elementor-icon-list--layout-traditional elementor-list-item-link-full_width elementor-widget elementor-widget-icon-list" data-id="3fe01a3" data-element_type="widget" data-widget_type="icon-list.default">
				<div class="elementor-widget-container">
			<span id="3fe01a3"></span>		<ul class="elementor-icon-list-items">
							<li class="elementor-icon-list-item">
											<span class="elementor-icon-list-icon">
							<i aria-hidden="true" class="fas fa-walking"></i>						</span>
										<span class="elementor-icon-list-text">Duration: 2 hours</span>
									</li>
								<li class="elementor-icon-list-item">
											<span class="elementor-icon-list-icon">
							<i aria-hidden="true" class="fas fa-walking"></i>						</span>
										<span class="elementor-icon-list-text">Dates: Reformation Day to Candlemas</span>
									</li>
								<li class="elementor-icon-list-item">
											<span class="elementor-icon-list-icon">
							<i aria-hidden="true" class="fas fa-walking"></i>						</span>
										<span class="elementor-icon-list-text">Meeting point: Café Fritzenkötter</span>
									</li>
								<li class="elementor-icon-list-item">
											<span class="elementor-icon-list-icon">
							<i aria-hidden="true" class="fas fa-walking"></i>						</span>
										<span class="elementor-icon-list-text">Preis: 8 EUR pro Person / Ermäßigt 6 EUR</span>
									</li>
								<li class="elementor-icon-list-item">
											<a href="https://www.reservix.de/veranstaltungskalender?q=stadtf%C3%BChrungen+g%C3%BCtersloh&#038;sort=date" target="_blank">

												<span class="elementor-icon-list-icon">
							<i aria-hidden="true" class="fas fa-walking"></i>						</span>
										<span class="elementor-icon-list-text">Tickets online at www.reservix.de or at the Tourist Information!!!</span>
											</a>
									</li>
						</ul>
				</div>
				</div>
					</div>
		</div>
					</div>
		</section>
				<section class="elementor-section elementor-top-section elementor-element elementor-element-0918c46 elementor-section-boxed elementor-section-height-default elementor-section-height-default" data-id="0918c46" data-element_type="section">
						<div class="elementor-container elementor-column-gap-default">
					<div class="elementor-column elementor-col-100 elementor-top-column elementor-element elementor-element-67793d2" data-id="67793d2" data-element_type="column">
			<div class="elementor-widget-wrap elementor-element-populated">
						<div class="elementor-element elementor-element-7691f5a elementor-widget elementor-widget-text-editor" data-id="7691f5a" data-element_type="widget" data-widget_type="text-editor.default">
				<div class="elementor-widget-container">
			<span id="7691f5a"></span>				<p>During the winter months, Gütersloh has been ringing out a special sound for over 200 years: the night chime of Gütersloh. From Reformation Day at the end of October until Candlemas at the beginning of February, the night chimes ring out every Saturday evening from the bell tower of the Martin Luther Church. Today, this traditional way of making music with church bells is only practiced in Gütersloh.</p>
<p>City guide Brunhilde Kohls will lead you on this romantic evening walk through the alleys of the city to the sounds of the night bell ringing. Learn everything about the origin of the bell ringing and this unique, still preserved tradition during this special city tour.</p>
<p> </p>
<p>The tour starts in front of Café Fritzenkötter. From there, it takes about two hours to walk through downtown Gütersloh, past the city museum, the registry office, the old church square and, of course, the Martin Luther Church. The tour ends at the Old District Court on Berliner Platz.</p>						</div>
				</div>
				<div class="elementor-element elementor-element-5dd7a35 elementor-widget elementor-widget-text-editor" data-id="5dd7a35" data-element_type="widget" data-widget_type="text-editor.default">
				<div class="elementor-widget-container">
			<span id="5dd7a35"></span>				<p><br></p>
<p>You can find more information about the Gütersloh Night Song Bells <a href="http://www.nachtsanggelaeut.de/" target="_blank" rel="noopener">viewed here</a>.</p>						</div>
				</div>
					</div>
		</div>
					</div>
		</section>
				<section class="elementor-section elementor-top-section elementor-element elementor-element-04c3501 elementor-section-boxed elementor-section-height-default elementor-section-height-default" data-id="04c3501" data-element_type="section">
						<div class="elementor-container elementor-column-gap-default">
					<div class="elementor-column elementor-col-100 elementor-top-column elementor-element elementor-element-976e991" data-id="976e991" data-element_type="column">
			<div class="elementor-widget-wrap elementor-element-populated">
						<div class="elementor-element elementor-element-8bae626 elementor-widget elementor-widget-image" data-id="8bae626" data-element_type="widget" data-widget_type="image.default">
				<div class="elementor-widget-container">
			<span id="8bae626"></span>										<img fetchpriority="high" decoding="async" width="800" height="534" src="https://www.guetersloh-marketing.de/wp-content/uploads/2021/10/guetersloh-und-sein-nachtsanggelaeut-impressionen-17122022-retouchiert--lena-descher-9713-1024x683.jpg" class="attachment-large size-large wp-image-54149" alt="Der Berliner Platz und die Martin Luther Kirche bei Dämmerung, auf dem Platz sind Weihnachtsmarktbuden und weihnachtliche Dekoration zu sehen. Rechts im Bild ein mit Lichterketten geschmückter Baum." srcset="https://www.guetersloh-marketing.de/wp-content/uploads/2021/10/guetersloh-und-sein-nachtsanggelaeut-impressionen-17122022-retouchiert--lena-descher-9713-1024x683.jpg 1024w, https://www.guetersloh-marketing.de/wp-content/uploads/2021/10/guetersloh-und-sein-nachtsanggelaeut-impressionen-17122022-retouchiert--lena-descher-9713-300x200.jpg 300w, https://www.guetersloh-marketing.de/wp-content/uploads/2021/10/guetersloh-und-sein-nachtsanggelaeut-impressionen-17122022-retouchiert--lena-descher-9713-768x512.jpg 768w, https://www.guetersloh-marketing.de/wp-content/uploads/2021/10/guetersloh-und-sein-nachtsanggelaeut-impressionen-17122022-retouchiert--lena-descher-9713-18x12.jpg 18w, https://www.guetersloh-marketing.de/wp-content/uploads/2021/10/guetersloh-und-sein-nachtsanggelaeut-impressionen-17122022-retouchiert--lena-descher-9713-560x373.jpg 560w, https://www.guetersloh-marketing.de/wp-content/uploads/2021/10/guetersloh-und-sein-nachtsanggelaeut-impressionen-17122022-retouchiert--lena-descher-9713.jpg 1500w" sizes="(max-width: 800px) 100vw, 800px" />													</div>
				</div>
					</div>
		</div>
					</div>
		</section>
				<section class="elementor-section elementor-top-section elementor-element elementor-element-0905717 elementor-section-boxed elementor-section-height-default elementor-section-height-default" data-id="0905717" data-element_type="section">
						<div class="elementor-container elementor-column-gap-default">
					<div class="elementor-column elementor-col-100 elementor-top-column elementor-element elementor-element-f2e2633" data-id="f2e2633" data-element_type="column">
			<div class="elementor-widget-wrap elementor-element-populated">
						<div class="elementor-element elementor-element-2989a84 elementor-icon-list--layout-inline elementor-align-center elementor-list-item-link-full_width elementor-widget elementor-widget-icon-list" data-id="2989a84" data-element_type="widget" data-widget_type="icon-list.default">
				<div class="elementor-widget-container">
			<span id="2989a84"></span>		<ul class="elementor-icon-list-items elementor-inline-items">
							<li class="elementor-icon-list-item elementor-inline-item">
											<span class="elementor-icon-list-icon">
							<i aria-hidden="true" class="far fa-copyright"></i>						</span>
										<span class="elementor-icon-list-text">Cover picture / Featured image Lena Descher</span>
									</li>
						</ul>
				</div>
				</div>
					</div>
		</div>
					</div>
		</section>
				</div>

<p>Hier geht&#8217;s zu den nächsten öffentlichen Terminen! Dauer: 2 Stunden Termine: Reformationstag bis Mariä Lichtmess [&hellip;]</p>
