{"id":23710,"date":"2024-11-01T13:05:00","date_gmt":"2020-11-09T12:05:41","guid":{"rendered":"https:\/\/www.guetersloh-marketing.de\/?page_id=23710"},"modified":"2026-01-15T16:28:52","modified_gmt":"2026-01-15T15:28:52","slug":"guetersloher-weihnachtsmarkt","status":"publish","type":"page","link":"https:\/\/www.guetersloh-marketing.de\/en\/projektseiten\/guetersloher-weihnachtsmarkt\/","title":{"rendered":"G\u00fctersloh Christmas market"},"content":{"rendered":"<div data-elementor-type=\"wp-page\" data-elementor-id=\"23710\" class=\"elementor elementor-23710\" data-elementor-post-type=\"page\">\n\t\t\t\t\t\t<section class=\"elementor-section elementor-top-section elementor-element elementor-element-9cb8a68 elementor-section-boxed elementor-section-height-default elementor-section-height-default\" data-id=\"9cb8a68\" data-element_type=\"section\">\n\t\t\t\t\t\t<div class=\"elementor-container elementor-column-gap-default\">\n\t\t\t\t\t<div class=\"elementor-column elementor-col-100 elementor-top-column elementor-element elementor-element-b889c6a\" data-id=\"b889c6a\" data-element_type=\"column\">\n\t\t\t<div class=\"elementor-widget-wrap elementor-element-populated\">\n\t\t\t\t\t\t<div class=\"elementor-element elementor-element-57f4222 elementor-widget elementor-widget-spacer\" data-id=\"57f4222\" data-element_type=\"widget\" data-widget_type=\"spacer.default\">\n\t\t\t\t<div class=\"elementor-widget-container\">\n\t\t\t<span id=\"57f4222\"><\/span>\t\t<div class=\"elementor-spacer\">\n\t\t\t<div class=\"elementor-spacer-inner\"><\/div>\n\t\t<\/div>\n\t\t\t\t<\/div>\n\t\t\t\t<\/div>\n\t\t\t\t\t<\/div>\n\t\t<\/div>\n\t\t\t\t\t<\/div>\n\t\t<\/section>\n\t\t\t\t<section class=\"elementor-section elementor-top-section elementor-element elementor-element-66faacac elementor-section-boxed elementor-section-height-default elementor-section-height-default\" data-id=\"66faacac\" data-element_type=\"section\">\n\t\t\t\t\t\t<div class=\"elementor-container elementor-column-gap-default\">\n\t\t\t\t\t<div class=\"elementor-column elementor-col-100 elementor-top-column elementor-element elementor-element-4ca0a690\" data-id=\"4ca0a690\" data-element_type=\"column\">\n\t\t\t<div class=\"elementor-widget-wrap elementor-element-populated\">\n\t\t\t\t\t\t<div class=\"elementor-element elementor-element-71813361 elementor-widget elementor-widget-heading\" data-id=\"71813361\" data-element_type=\"widget\" data-widget_type=\"heading.default\">\n\t\t\t\t<div class=\"elementor-widget-container\">\n\t\t\t<span id=\"71813361\"><\/span><h2 class=\"elementor-heading-title elementor-size-default\">G\u00fctersloh Christmas market<\/h2>\t\t<\/div>\n\t\t\t\t<\/div>\n\t\t\t\t\t<\/div>\n\t\t<\/div>\n\t\t\t\t\t<\/div>\n\t\t<\/section>\n\t\t\t\t<section class=\"elementor-section elementor-top-section elementor-element elementor-element-7d3cdc22 elementor-section-boxed elementor-section-height-default elementor-section-height-default\" data-id=\"7d3cdc22\" data-element_type=\"section\">\n\t\t\t\t\t\t<div class=\"elementor-container elementor-column-gap-default\">\n\t\t\t\t\t<div class=\"elementor-column elementor-col-50 elementor-top-column elementor-element elementor-element-2ead760a\" data-id=\"2ead760a\" data-element_type=\"column\">\n\t\t\t<div class=\"elementor-widget-wrap elementor-element-populated\">\n\t\t\t\t\t\t<div class=\"elementor-element elementor-element-b00e93f elementor-widget elementor-widget-text-editor\" data-id=\"b00e93f\" data-element_type=\"widget\" data-widget_type=\"text-editor.default\">\n\t\t\t\t<div class=\"elementor-widget-container\">\n\t\t\t<span id=\"b00e93f\"><\/span>\t\t\t\t<p data-start=\"0\" data-end=\"280\">Der Weihnachtsmarkt l\u00e4dt dazu ein, die Adventszeit in festlicher Atmosph\u00e4re zu genie\u00dfen und gemeinsam besondere Momente zu erleben. Mit einem vielf\u00e4ltigen Angebot aus Kulinarik und Unterhaltung bietet er ein stimmungsvolles Erlebnis f\u00fcr Besucher*innen.<\/p><p data-start=\"533\" data-end=\"910\">Die festlich geschm\u00fcckte Innenstadt bildet den passenden Rahmen: Stimmungsvolle Lichtinstallationen, leuchtende Dekorationen und liebevoll gestaltete Elemente schaffen ein winterliches Ambiente und f\u00fchren die Besucher*innen durch die weihnachtlich illuminierte Stadt. Eine gro\u00dfe Weihnachtstanne bildet dabei einen zentralen Blickfang und unterstreicht die festliche Atmosph\u00e4re.<\/p>\t\t\t\t\t\t<\/div>\n\t\t\t\t<\/div>\n\t\t\t\t<div class=\"elementor-element elementor-element-7fd05c7 elementor-widget elementor-widget-button\" data-id=\"7fd05c7\" data-element_type=\"widget\" data-widget_type=\"button.default\">\n\t\t\t\t<div class=\"elementor-widget-container\">\n\t\t\t<span id=\"7fd05c7\"><\/span>\t\t<div class=\"elementor-button-wrapper\">\n\t\t\t<a class=\"elementor-button elementor-button-link elementor-size-sm\" href=\"https:\/\/www.facebook.com\/guetersloherweihnachtsmarkt\" target=\"_blank\" rel=\"nofollow\">\n\t\t\t\t\t\t<span class=\"elementor-button-content-wrapper\">\n\t\t\t\t\t\t<span class=\"elementor-button-icon\">\n\t\t\t\t<i aria-hidden=\"true\" class=\"fab fa-facebook\"><\/i>\t\t\t<\/span>\n\t\t\t\t\t\t\t\t\t<span class=\"elementor-button-text\">To our Facebook page<\/span>\n\t\t\t\t\t<\/span>\n\t\t\t\t\t<\/a>\n\t\t<\/div>\n\t\t\t\t<\/div>\n\t\t\t\t<\/div>\n\t\t\t\t<div class=\"elementor-element elementor-element-80e9c11 elementor-view-default elementor-position-top elementor-mobile-position-top elementor-widget elementor-widget-icon-box\" data-id=\"80e9c11\" data-element_type=\"widget\" data-widget_type=\"icon-box.default\">\n\t\t\t\t<div class=\"elementor-widget-container\">\n\t\t\t<span id=\"80e9c11\"><\/span>\t\t<div class=\"elementor-icon-box-wrapper\">\n\n\t\t\t\t\t\t<div class=\"elementor-icon-box-icon\">\n\t\t\t\t<span  class=\"elementor-icon elementor-animation-\">\n\t\t\t\t<i aria-hidden=\"true\" class=\"far fa-calendar-alt\"><\/i>\t\t\t\t<\/span>\n\t\t\t<\/div>\n\t\t\t\n\t\t\t\t\t\t<div class=\"elementor-icon-box-content\">\n\n\t\t\t\t\t\t\t\t\t<h3 class=\"elementor-icon-box-title\">\n\t\t\t\t\t\t<span  >\n\t\t\t\t\t\t\t26. November bis 30. Dezember\t\t\t\t\t\t<\/span>\n\t\t\t\t\t<\/h3>\n\t\t\t\t\n\t\t\t\t\n\t\t\t<\/div>\n\t\t\t\n\t\t<\/div>\n\t\t\t\t<\/div>\n\t\t\t\t<\/div>\n\t\t\t\t\t<\/div>\n\t\t<\/div>\n\t\t\t\t<div class=\"elementor-column elementor-col-50 elementor-top-column elementor-element elementor-element-38ed9fe6\" data-id=\"38ed9fe6\" data-element_type=\"column\">\n\t\t\t<div class=\"elementor-widget-wrap elementor-element-populated\">\n\t\t\t\t\t\t<div class=\"elementor-element elementor-element-80acdb0 elementor-widget elementor-widget-image\" data-id=\"80acdb0\" data-element_type=\"widget\" data-widget_type=\"image.default\">\n\t\t\t\t<div class=\"elementor-widget-container\">\n\t\t\t<span id=\"80acdb0\"><\/span>\t\t\t\t\t\t\t\t\t\t<img fetchpriority=\"high\" decoding=\"async\" width=\"800\" height=\"534\" src=\"https:\/\/www.guetersloh-marketing.de\/wp-content\/uploads\/2024\/01\/impressionen-1-12--lena-descher-5585-1024x683.jpg\" class=\"attachment-large size-large wp-image-43855\" alt=\"\" srcset=\"https:\/\/www.guetersloh-marketing.de\/wp-content\/uploads\/2024\/01\/impressionen-1-12--lena-descher-5585-1024x683.jpg 1024w, https:\/\/www.guetersloh-marketing.de\/wp-content\/uploads\/2024\/01\/impressionen-1-12--lena-descher-5585-300x200.jpg 300w, https:\/\/www.guetersloh-marketing.de\/wp-content\/uploads\/2024\/01\/impressionen-1-12--lena-descher-5585-768x512.jpg 768w, https:\/\/www.guetersloh-marketing.de\/wp-content\/uploads\/2024\/01\/impressionen-1-12--lena-descher-5585-18x12.jpg 18w, https:\/\/www.guetersloh-marketing.de\/wp-content\/uploads\/2024\/01\/impressionen-1-12--lena-descher-5585-560x373.jpg 560w, https:\/\/www.guetersloh-marketing.de\/wp-content\/uploads\/2024\/01\/impressionen-1-12--lena-descher-5585.jpg 1500w\" sizes=\"(max-width: 800px) 100vw, 800px\" \/>\t\t\t\t\t\t\t\t\t\t\t\t\t<\/div>\n\t\t\t\t<\/div>\n\t\t\t\t<div class=\"elementor-element elementor-element-2c8f6a5 elementor-widget elementor-widget-heading\" data-id=\"2c8f6a5\" data-element_type=\"widget\" data-widget_type=\"heading.default\">\n\t\t\t\t<div class=\"elementor-widget-container\">\n\t\t\t<span id=\"2c8f6a5\"><\/span><h2 class=\"elementor-heading-title elementor-size-default\">An event of the:<\/h2>\t\t<\/div>\n\t\t\t\t<\/div>\n\t\t\t\t<div class=\"elementor-element elementor-element-9870cd5 elementor-widget elementor-widget-image\" data-id=\"9870cd5\" data-element_type=\"widget\" data-widget_type=\"image.default\">\n\t\t\t\t<div class=\"elementor-widget-container\">\n\t\t\t<span id=\"9870cd5\"><\/span>\t\t\t\t\t\t\t\t\t\t\t<a href=\"https:\/\/www.guetersloh-marketing.de\/en\/projektseiten\/werbegemeinschaft\/\" target=\"_blank\">\n\t\t\t\t\t\t\t<img decoding=\"async\" width=\"300\" height=\"300\" src=\"https:\/\/www.guetersloh-marketing.de\/wp-content\/uploads\/2020\/06\/werbegemeinschaft1.png\" class=\"attachment-medium size-medium wp-image-19616\" alt=\"\" srcset=\"https:\/\/www.guetersloh-marketing.de\/wp-content\/uploads\/2020\/06\/werbegemeinschaft1.png 300w, https:\/\/www.guetersloh-marketing.de\/wp-content\/uploads\/2020\/06\/werbegemeinschaft1-100x100.png 100w, https:\/\/www.guetersloh-marketing.de\/wp-content\/uploads\/2020\/06\/werbegemeinschaft1-150x150.png 150w, https:\/\/www.guetersloh-marketing.de\/wp-content\/uploads\/2020\/06\/werbegemeinschaft1-24x24.png 24w, https:\/\/www.guetersloh-marketing.de\/wp-content\/uploads\/2020\/06\/werbegemeinschaft1-48x48.png 48w, https:\/\/www.guetersloh-marketing.de\/wp-content\/uploads\/2020\/06\/werbegemeinschaft1-96x96.png 96w\" sizes=\"(max-width: 300px) 100vw, 300px\" \/>\t\t\t\t\t\t\t\t<\/a>\n\t\t\t\t\t\t\t\t\t\t\t\t\t<\/div>\n\t\t\t\t<\/div>\n\t\t\t\t\t<\/div>\n\t\t<\/div>\n\t\t\t\t\t<\/div>\n\t\t<\/section>\n\t\t\t\t<section class=\"elementor-section elementor-top-section elementor-element elementor-element-7da8601 elementor-section-boxed elementor-section-height-default elementor-section-height-default\" data-id=\"7da8601\" data-element_type=\"section\">\n\t\t\t\t\t\t<div class=\"elementor-container elementor-column-gap-default\">\n\t\t\t\t\t<div class=\"elementor-column elementor-col-100 elementor-top-column elementor-element elementor-element-50baba50\" data-id=\"50baba50\" data-element_type=\"column\">\n\t\t\t<div class=\"elementor-widget-wrap elementor-element-populated\">\n\t\t\t\t\t\t<div class=\"elementor-element elementor-element-bb2fece elementor-widget elementor-widget-spacer\" data-id=\"bb2fece\" data-element_type=\"widget\" data-widget_type=\"spacer.default\">\n\t\t\t\t<div class=\"elementor-widget-container\">\n\t\t\t<span id=\"bb2fece\"><\/span>\t\t<div class=\"elementor-spacer\">\n\t\t\t<div class=\"elementor-spacer-inner\"><\/div>\n\t\t<\/div>\n\t\t\t\t<\/div>\n\t\t\t\t<\/div>\n\t\t\t\t<div class=\"elementor-element elementor-element-4c67ef46 elementor-icon-list--layout-inline elementor-align-center elementor-list-item-link-full_width elementor-widget elementor-widget-icon-list\" data-id=\"4c67ef46\" data-element_type=\"widget\" data-widget_type=\"icon-list.default\">\n\t\t\t\t<div class=\"elementor-widget-container\">\n\t\t\t<span id=\"4c67ef46\"><\/span>\t\t<ul class=\"elementor-icon-list-items elementor-inline-items\">\n\t\t\t\t\t\t\t<li class=\"elementor-icon-list-item elementor-inline-item\">\n\t\t\t\t\t\t\t\t\t\t\t<span class=\"elementor-icon-list-icon\">\n\t\t\t\t\t\t\t<i aria-hidden=\"true\" class=\"far fa-copyright\"><\/i>\t\t\t\t\t\t<\/span>\n\t\t\t\t\t\t\t\t\t\t<span class=\"elementor-icon-list-text\">Lena Descher<\/span>\n\t\t\t\t\t\t\t\t\t<\/li>\n\t\t\t\t\t\t<\/ul>\n\t\t\t\t<\/div>\n\t\t\t\t<\/div>\n\t\t\t\t\t<\/div>\n\t\t<\/div>\n\t\t\t\t\t<\/div>\n\t\t<\/section>\n\t\t\t\t<\/div>","protected":false},"excerpt":{"rendered":"<p>G\u00fctersloher Weihnachtsmarkt Der Weihnachtsmarkt l\u00e4dt dazu ein, die Adventszeit in festlicher Atmosph\u00e4re zu genie\u00dfen und [&hellip;]<\/p>\n","protected":false},"author":1,"featured_media":33570,"parent":23702,"menu_order":12,"comment_status":"closed","ping_status":"closed","template":"","meta":{"_acf_changed":false,"footnotes":""},"categories":[451,452],"competences":[399,402],"class_list":["post-23710","page","type-page","status-publish","has-post-thumbnail","hentry","category-grossveranstaltungen","category-veranstaltungen","competences-familienwelten","competences-urbanwelten"],"acf":[],"_links":{"self":[{"href":"https:\/\/www.guetersloh-marketing.de\/en\/wp-json\/wp\/v2\/pages\/23710","targetHints":{"allow":["GET"]}}],"collection":[{"href":"https:\/\/www.guetersloh-marketing.de\/en\/wp-json\/wp\/v2\/pages"}],"about":[{"href":"https:\/\/www.guetersloh-marketing.de\/en\/wp-json\/wp\/v2\/types\/page"}],"author":[{"embeddable":true,"href":"https:\/\/www.guetersloh-marketing.de\/en\/wp-json\/wp\/v2\/users\/1"}],"replies":[{"embeddable":true,"href":"https:\/\/www.guetersloh-marketing.de\/en\/wp-json\/wp\/v2\/comments?post=23710"}],"version-history":[{"count":375,"href":"https:\/\/www.guetersloh-marketing.de\/en\/wp-json\/wp\/v2\/pages\/23710\/revisions"}],"predecessor-version":[{"id":53668,"href":"https:\/\/www.guetersloh-marketing.de\/en\/wp-json\/wp\/v2\/pages\/23710\/revisions\/53668"}],"up":[{"embeddable":true,"href":"https:\/\/www.guetersloh-marketing.de\/en\/wp-json\/wp\/v2\/pages\/23702"}],"wp:featuredmedia":[{"embeddable":true,"href":"https:\/\/www.guetersloh-marketing.de\/en\/wp-json\/wp\/v2\/media\/33570"}],"wp:attachment":[{"href":"https:\/\/www.guetersloh-marketing.de\/en\/wp-json\/wp\/v2\/media?parent=23710"}],"wp:term":[{"taxonomy":"category","embeddable":true,"href":"https:\/\/www.guetersloh-marketing.de\/en\/wp-json\/wp\/v2\/categories?post=23710"},{"taxonomy":"competences","embeddable":true,"href":"https:\/\/www.guetersloh-marketing.de\/en\/wp-json\/wp\/v2\/competences?post=23710"}],"curies":[{"name":"wp","href":"https:\/\/api.w.org\/{rel}","templated":true}]}}

Gütersloh Christmas market

<div data-elementor-type="wp-page" data-elementor-id="23710" class="elementor elementor-23710" data-elementor-post-type="page">
						<section class="elementor-section elementor-top-section elementor-element elementor-element-9cb8a68 elementor-section-boxed elementor-section-height-default elementor-section-height-default" data-id="9cb8a68" data-element_type="section">
						<div class="elementor-container elementor-column-gap-default">
					<div class="elementor-column elementor-col-100 elementor-top-column elementor-element elementor-element-b889c6a" data-id="b889c6a" data-element_type="column">
			<div class="elementor-widget-wrap elementor-element-populated">
						<div class="elementor-element elementor-element-57f4222 elementor-widget elementor-widget-spacer" data-id="57f4222" data-element_type="widget" data-widget_type="spacer.default">
				<div class="elementor-widget-container">
			<span id="57f4222"></span>		<div class="elementor-spacer">
			<div class="elementor-spacer-inner"></div>
		</div>
				</div>
				</div>
					</div>
		</div>
					</div>
		</section>
				<section class="elementor-section elementor-top-section elementor-element elementor-element-66faacac elementor-section-boxed elementor-section-height-default elementor-section-height-default" data-id="66faacac" data-element_type="section">
						<div class="elementor-container elementor-column-gap-default">
					<div class="elementor-column elementor-col-100 elementor-top-column elementor-element elementor-element-4ca0a690" data-id="4ca0a690" data-element_type="column">
			<div class="elementor-widget-wrap elementor-element-populated">
						<div class="elementor-element elementor-element-71813361 elementor-widget elementor-widget-heading" data-id="71813361" data-element_type="widget" data-widget_type="heading.default">
				<div class="elementor-widget-container">
			<span id="71813361"></span><h2 class="elementor-heading-title elementor-size-default">Gütersloh Christmas market</h2>		</div>
				</div>
					</div>
		</div>
					</div>
		</section>
				<section class="elementor-section elementor-top-section elementor-element elementor-element-7d3cdc22 elementor-section-boxed elementor-section-height-default elementor-section-height-default" data-id="7d3cdc22" data-element_type="section">
						<div class="elementor-container elementor-column-gap-default">
					<div class="elementor-column elementor-col-50 elementor-top-column elementor-element elementor-element-2ead760a" data-id="2ead760a" data-element_type="column">
			<div class="elementor-widget-wrap elementor-element-populated">
						<div class="elementor-element elementor-element-b00e93f elementor-widget elementor-widget-text-editor" data-id="b00e93f" data-element_type="widget" data-widget_type="text-editor.default">
				<div class="elementor-widget-container">
			<span id="b00e93f"></span>				<p data-start="0" data-end="280">Der Weihnachtsmarkt lädt dazu ein, die Adventszeit in festlicher Atmosphäre zu genießen und gemeinsam besondere Momente zu erleben. Mit einem vielfältigen Angebot aus Kulinarik und Unterhaltung bietet er ein stimmungsvolles Erlebnis für Besucher*innen.</p><p data-start="533" data-end="910">Die festlich geschmückte Innenstadt bildet den passenden Rahmen: Stimmungsvolle Lichtinstallationen, leuchtende Dekorationen und liebevoll gestaltete Elemente schaffen ein winterliches Ambiente und führen die Besucher*innen durch die weihnachtlich illuminierte Stadt. Eine große Weihnachtstanne bildet dabei einen zentralen Blickfang und unterstreicht die festliche Atmosphäre.</p>						</div>
				</div>
				<div class="elementor-element elementor-element-7fd05c7 elementor-widget elementor-widget-button" data-id="7fd05c7" data-element_type="widget" data-widget_type="button.default">
				<div class="elementor-widget-container">
			<span id="7fd05c7"></span>		<div class="elementor-button-wrapper">
			<a class="elementor-button elementor-button-link elementor-size-sm" href="https://www.facebook.com/guetersloherweihnachtsmarkt" target="_blank" rel="nofollow">
						<span class="elementor-button-content-wrapper">
						<span class="elementor-button-icon">
				<i aria-hidden="true" class="fab fa-facebook"></i>			</span>
									<span class="elementor-button-text">To our Facebook page</span>
					</span>
					</a>
		</div>
				</div>
				</div>
				<div class="elementor-element elementor-element-80e9c11 elementor-view-default elementor-position-top elementor-mobile-position-top elementor-widget elementor-widget-icon-box" data-id="80e9c11" data-element_type="widget" data-widget_type="icon-box.default">
				<div class="elementor-widget-container">
			<span id="80e9c11"></span>		<div class="elementor-icon-box-wrapper">

						<div class="elementor-icon-box-icon">
				<span  class="elementor-icon elementor-animation-">
				<i aria-hidden="true" class="far fa-calendar-alt"></i>				</span>
			</div>
			
						<div class="elementor-icon-box-content">

									<h3 class="elementor-icon-box-title">
						<span  >
							26. November bis 30. Dezember						</span>
					</h3>
				
				
			</div>
			
		</div>
				</div>
				</div>
					</div>
		</div>
				<div class="elementor-column elementor-col-50 elementor-top-column elementor-element elementor-element-38ed9fe6" data-id="38ed9fe6" data-element_type="column">
			<div class="elementor-widget-wrap elementor-element-populated">
						<div class="elementor-element elementor-element-80acdb0 elementor-widget elementor-widget-image" data-id="80acdb0" data-element_type="widget" data-widget_type="image.default">
				<div class="elementor-widget-container">
			<span id="80acdb0"></span>										<img fetchpriority="high" decoding="async" width="800" height="534" src="https://www.guetersloh-marketing.de/wp-content/uploads/2024/01/impressionen-1-12--lena-descher-5585-1024x683.jpg" class="attachment-large size-large wp-image-43855" alt="" srcset="https://www.guetersloh-marketing.de/wp-content/uploads/2024/01/impressionen-1-12--lena-descher-5585-1024x683.jpg 1024w, https://www.guetersloh-marketing.de/wp-content/uploads/2024/01/impressionen-1-12--lena-descher-5585-300x200.jpg 300w, https://www.guetersloh-marketing.de/wp-content/uploads/2024/01/impressionen-1-12--lena-descher-5585-768x512.jpg 768w, https://www.guetersloh-marketing.de/wp-content/uploads/2024/01/impressionen-1-12--lena-descher-5585-18x12.jpg 18w, https://www.guetersloh-marketing.de/wp-content/uploads/2024/01/impressionen-1-12--lena-descher-5585-560x373.jpg 560w, https://www.guetersloh-marketing.de/wp-content/uploads/2024/01/impressionen-1-12--lena-descher-5585.jpg 1500w" sizes="(max-width: 800px) 100vw, 800px" />													</div>
				</div>
				<div class="elementor-element elementor-element-2c8f6a5 elementor-widget elementor-widget-heading" data-id="2c8f6a5" data-element_type="widget" data-widget_type="heading.default">
				<div class="elementor-widget-container">
			<span id="2c8f6a5"></span><h2 class="elementor-heading-title elementor-size-default">An event of the:</h2>		</div>
				</div>
				<div class="elementor-element elementor-element-9870cd5 elementor-widget elementor-widget-image" data-id="9870cd5" data-element_type="widget" data-widget_type="image.default">
				<div class="elementor-widget-container">
			<span id="9870cd5"></span>											<a href="https://www.guetersloh-marketing.de/en/projektseiten/werbegemeinschaft/" target="_blank">
							<img decoding="async" width="300" height="300" src="https://www.guetersloh-marketing.de/wp-content/uploads/2020/06/werbegemeinschaft1.png" class="attachment-medium size-medium wp-image-19616" alt="" srcset="https://www.guetersloh-marketing.de/wp-content/uploads/2020/06/werbegemeinschaft1.png 300w, https://www.guetersloh-marketing.de/wp-content/uploads/2020/06/werbegemeinschaft1-100x100.png 100w, https://www.guetersloh-marketing.de/wp-content/uploads/2020/06/werbegemeinschaft1-150x150.png 150w, https://www.guetersloh-marketing.de/wp-content/uploads/2020/06/werbegemeinschaft1-24x24.png 24w, https://www.guetersloh-marketing.de/wp-content/uploads/2020/06/werbegemeinschaft1-48x48.png 48w, https://www.guetersloh-marketing.de/wp-content/uploads/2020/06/werbegemeinschaft1-96x96.png 96w" sizes="(max-width: 300px) 100vw, 300px" />								</a>
													</div>
				</div>
					</div>
		</div>
					</div>
		</section>
				<section class="elementor-section elementor-top-section elementor-element elementor-element-7da8601 elementor-section-boxed elementor-section-height-default elementor-section-height-default" data-id="7da8601" data-element_type="section">
						<div class="elementor-container elementor-column-gap-default">
					<div class="elementor-column elementor-col-100 elementor-top-column elementor-element elementor-element-50baba50" data-id="50baba50" data-element_type="column">
			<div class="elementor-widget-wrap elementor-element-populated">
						<div class="elementor-element elementor-element-bb2fece elementor-widget elementor-widget-spacer" data-id="bb2fece" data-element_type="widget" data-widget_type="spacer.default">
				<div class="elementor-widget-container">
			<span id="bb2fece"></span>		<div class="elementor-spacer">
			<div class="elementor-spacer-inner"></div>
		</div>
				</div>
				</div>
				<div class="elementor-element elementor-element-4c67ef46 elementor-icon-list--layout-inline elementor-align-center elementor-list-item-link-full_width elementor-widget elementor-widget-icon-list" data-id="4c67ef46" data-element_type="widget" data-widget_type="icon-list.default">
				<div class="elementor-widget-container">
			<span id="4c67ef46"></span>		<ul class="elementor-icon-list-items elementor-inline-items">
							<li class="elementor-icon-list-item elementor-inline-item">
											<span class="elementor-icon-list-icon">
							<i aria-hidden="true" class="far fa-copyright"></i>						</span>
										<span class="elementor-icon-list-text">Lena Descher</span>
									</li>
						</ul>
				</div>
				</div>
					</div>
		</div>
					</div>
		</section>
				</div>

<p>Gütersloher Weihnachtsmarkt Der Weihnachtsmarkt lädt dazu ein, die Adventszeit in festlicher Atmosphäre zu genießen und [&hellip;]</p>
